s of n?
5
Let f(t) = 9*t**2 + 23*t**2 - 63 + 81*t**2 + 64. What are the prime factors of f(1)?
2, 3, 19
Let k = 4170 - 312. What are the prime factors of k?
2, 3, 643
Let c = 798 + -530. Let n = c - 1. What are the prime factors of n?
3, 89
Suppose -z + 6*z - 67 = -3*r, 0 = r + 5*z - 39. Suppose 10*w = r*w. Suppose -333 = -5*y + 2*i, 3*i = -2*y - w*y + 118. What are the prime factors of y?
5, 13
Suppose 17435 = 20*w - 9*w. Let h = -736 + w. What are the prime factors of h?
3, 283
Let l(r) = 27*r**3 - 4*r - 3. Let w be l(-2). Let d = 476 + w. Let p = d - 145. What are the prime factors of p?
2, 3, 5
Let r = -1625 + 4588. What are the prime factors of r?
2963
Let y(x) = x**2 + 4*x - 9. Let b be y(-6). Let o be (-5)/(25/10) + b. What are the prime factors of o*(2 + 3/3)?
3
Suppose 48 = -60*b + 63*b. Suppose b*d = -247 + 16935. List the prime factors of d.
7, 149
Let o(s) = s**3 - 6*s**2 - s**2 - 4 + 9*s - 3*s - 4*s**2 + 2*s. What are the prime factors of o(12)?
2, 59
Let j(u) = 3*u**3 - u**2 - 2*u. Let t be j(-1). Let i be (26 - -1)*(-6)/(-5 - t). Suppose -2*z + i = 4*g - 14, 5*z + 5*g - 180 = 0. List the prime factors of z.
2, 19
Let b = 8165 + 12022. What are the prime factors of b?
3, 2243
Let j = 1836 + -702. Suppose -123*d + 132*d = j. List the prime factors of d.
2, 3, 7
Let t = 11324 - 5551. What are the prime factors of t?
23, 251
Suppose -3*w + 4 = 94. Let o = w - -178. Let k = o - 58. List the prime factors of k.
2, 3, 5
Suppose 13*s - 55910 = 16288 + 124349. List the prime factors of s.
13, 1163
Let d be (-19)/(57/(-18)) + -6. Suppose d = 22*i - 10345 + 467. What are the prime factors of i?
449
Let n be -4 + 3*(-8)/(-3) - -778. Suppose -6*r = -628 - n. What are the prime factors of r?
5, 47
Suppose -50*y + 322*y + 2587565 = 9497997. What are the prime factors of y?
2, 12703
Let g(m) = -2*m**3 - m**2 - m. Let j(d) = -d**3 + 3*d**2 + d - 1. Let k(c) = 6*g(c) + 2*j(c). What are the prime factors of k(-3)?
2, 97
Let y = 6769 + -1274. List the prime factors of y.
5, 7, 157
Suppose -477*s = -24657023 - 706983 - 804214. List the prime factors of s.
2, 5, 13, 211
Let d(b) = b**3 - 10*b**2 - b - 30. Let g be d(11). Let m = g + 200. What are the prime factors of m?
2, 5, 7
Let q(o) be the third derivative of o**5/10 - 11*o**4/12 - 16*o**3/3 + 73*o**2. List the prime factors of q(12).
2, 71
Let l be (-7 - 3)*7/(-35). Suppose 0 = -l*q - 3*v + 1611, 5*q - 798 = 4*q - 4*v. List the prime factors of q.
2, 3, 5
List the prime factors of (-28 - -28) + (7 - 0) + 1479.
2, 743
Let b(l) = -10*l**3 + 57*l**2 + 7*l - 61. What are the prime factors of b(-14)?
38453
Suppose -130*i = -310*i - 380*i + 9875600. List the prime factors of i.
5, 3527
Let n = 71 - 69. Suppose -n*u + a + 466 = 0, 0 = 3*u + 4*a - 354 - 323. Suppose -2*z + u = -129. What are the prime factors of z?
2, 3, 5
Let f(m) = -21*m**3 + 8*m**2 + 27*m - 14. List the prime factors of f(-6).
2, 7, 83
Let c(z) = z**2 - 4*z + 299. Suppose 4*x = 2*x. Let j be c(x). Suppose o + 107 = 4*l + j, 3*l - 6 = 0. What are the prime factors of o?
2, 5
Let m(q) = 19*q - 5. Let a be m(-4). Suppose -37*u + 34*u - 14 = -4*w, -5*u - 16 = -3*w. List the prime factors of 4 - (a - -3 - u).
2, 5
Let c(l) = -l**3 + 16*l**2 + 13*l + 30. Suppose 3*j + d = 39, 4*j - 52 = 6*d - d. List the prime factors of c(j).
2, 353
Let k(u) be the third derivative of u**8/96 - u**7/1260 - 19*u**5/30 - 40*u**2. Let f(h) be the third derivative of k(h). List the prime factors of f(1).
2, 103
Suppose -804*y = -806*y + 26898. List the prime factors of y.
3, 4483
Let q(l) = 162*l - 1. Let b be q(2). Let m = b + -218. Let h = -35 + m. What are the prime factors of h?
2, 5, 7
Let f(d) = -d + 17. Let p = 43 - 41. Suppose 20 = p*z + 4. List the prime factors of f(z).
3
What are the prime factors of (2276/4)/(11/165)?
3, 5, 569
Let q be 658/(-6)*(-2 - 7). Suppose -5*j = 2*f - 1762, 5*f - j = 3418 + q. What are the prime factors of f?
881
Let r(g) be the third derivative of -13*g**4/8 - 31*g**3/6 + 18*g**2. What are the prime factors of r(-6)?
7, 29
Let s = -628 - -633. Suppose 551 = i + s*v - 436, -i - 2*v = -978. List the prime factors of i.
2, 3
Suppose -38*h + 28*h = -9040. Suppose 4*w - 4436 = -5*u, h = u - 2*w + 7*w. List the prime factors of u.
2, 13, 17
Let a(c) = -c**2 + 10*c + 13. Let k be a(8). Let r = k - 26. Let u(m) = 3*m**2 + 3*m + 3. What are the prime factors of u(r)?
3, 13
Suppose 13203 = 11*m - 47660. What are the prime factors of m?
11, 503
Suppose -1426*d + 1424*d + 11728 = 3*k, 4*d - 23426 = -k. List the prime factors of d.
5, 1171
Suppose 0 = -8*u + 11*u - 5*x - 27235, -2 = -2*x. List the prime factors of u.
2, 5, 227
Let i be (6/(-9) + 1)/((-59)/(-9204)). Suppose 4*r + 5*o + 29 - 232 = 0, r - 37 = -4*o. Suppose -i*t = -r*t + 620. What are the prime factors of t?
2, 31
Suppose 3*r + 3573 = 3*u, 2*r + 3548 = 3*u + 4*r. Let m = -514 + u. What are the prime factors of m?
2, 3, 7
Let b(c) = -255 + 271*c + 69 + 85 + 37. List the prime factors of b(3).
7, 107
Suppose -415*j + 438*j = 1516091. What are the prime factors of j?
29, 2273
Let f(l) = -l**3 + 7*l**2 - l + 10. Let y be f(7). Suppose 0 = 4*s + y*t + 169, -5*s - 5*t - 81 = -3*s. Let p = 71 + s. List the prime factors of p.
2, 7
Suppose -4*a = -187*a + 307623. What are the prime factors of a?
41
Let d(m) = 2*m. Let k be d(11). List the prime factors of (-1)/3*-15 - k/(-2).
2
Let c(v) = -v**3 - 16*v**2 + 11*v + 27. Let i(f) = 1. Let u(k) = c(k) - 4*i(k). Suppose 0*j + h + 88 = -5*j, 3*j + 3*h + 60 = 0. List the prime factors of u(j).
5
Let y be -103 - -36 - (-5 + -1). Let k = y - -327. What are the prime factors of k?
2, 7, 19
Let r = 315 - 313. Suppose 0 = -2*z + 3*n + 33 + 374, -r*n + 604 = 3*z. What are the prime factors of z?
2, 101
Suppose -3*a + 12357 = -3*w, -457*a + 3*w + 16474 = -453*a. What are the prime factors of a?
23, 179
Suppose 3*o + 2*q - 5 = 5, -q = 4. Suppose o*a - 2*a = 36. What are the prime factors of a/(-18) - 374/(-4)?
3, 31
Let v(b) = -6*b**2 - 79*b - 9. Let w be v(-13). Suppose w*r - 2*o = 7347 - 1739, 0 = -4*r - 5*o + 5622. What are the prime factors of r?
23, 61
Suppose y - 59 = -4*c - c, y - 26 = -2*c. Let p = 33 + c. List the prime factors of (4 - 174/12)/((-3)/p).
2, 7, 11
Let j = 33140 + -23335. List the prime factors of j.
5, 37, 53
Suppose 2*k = -545 + 157. Let y = k - -547. List the prime factors of y.
353
Let b(q) = 11*q + 8. Suppose 0 = 3*h + 2*r + 2*r, -3 = r. Suppose 29 + 11 = h*a. List the prime factors of b(a).
2, 59
Suppose 29*l - 27*l = 21*l - 327009. What are the prime factors of l?
3, 5737
Let q be -4*3/24*-8. Suppose -j + 38 + 324 = -q*f, 4*j - 1388 = f. What are the prime factors of j?
2, 173
Let f(a) = 654*a + 623. List the prime factors of f(13).
5, 73
Suppose 23*g = 4*g - 380. List the prime factors of (-10 - g)*(1 - -41).
2, 3, 5, 7
Let b(k) = -5*k - 16. Let u(t) = 5*t + 15. Let h(y) = -4*b(y) - 3*u(y). Let c be 0 + 330/21 + (-2)/(-7). What are the prime factors of h(c)?
3, 11
Let w(h) = h**3 - 9*h**2 - 3*h - 4. Suppose 3*b + 56 = -5*b. Let z be b/((-35)/20) + 6. List the prime factors of w(z).
2, 3, 11
Suppose -557*w + 551*w - 18 = 0. What are the prime factors of (8/(-3))/(w/54)?
2, 3
Suppose -4*a - a = -0*a. Suppose 29 = 5*b + 3*i - a*i, 0 = -5*b + 5*i + 5. Suppose 2*v - b*x = 140, 253 = 2*v + 2*v + x. What are the prime factors of v?
2
Let j(b) = -b**3 + 11*b**2 - 3. Let w be j(6). Let v be (84 - 86)*((-206)/(-4) - 0). Let x = v + w. List the prime factors of x.
2, 37
Suppose -127*h = -19*h - 521532. List the prime factors of h.
11, 439
List the prime factors of 6/(360/141546) + 6/(-60).
7, 337
Let k be (4 + -4)*-2*4/24. Suppose -2*c - 38 = x, 0 = -2*x + 2*c - k*c - 94. List the prime factors of (-5800)/x + (-4)/(-22).
2, 3, 11
Suppose -13*r + 59 = -71. Suppose -4*b + 18 = r. Suppose 0 = b*j - 8*j + 24. List the prime factors of j.
2
Suppose -5*h = -4*v - 12, -5*h + v = -10*h - 3. Let g(r) = -5*r + 295. What are the prime factors of g(h)?
5, 59
Let y(m) = 1816*m**2 - 13*m - 13. What are the prime factors of y(-1)?
2, 227
Suppose -660*h - 38088 = -752*h. What are the prime factors of h?
2, 3, 23
Let z be (-3 + 7 - 3)*0 - -6. What are the prime factors of (2116/(-12))/((-2)/z)?
23
Suppose -2*o + 14 - 22 = -2*x, 3*o + 14